(y). Give r(3).
4
Let p(g) = 6*g + 7. Suppose -2*x = 5 + 5. Let s(i) = 7*i + 8. Let k(b) = x*s(b) + 6*p(b). Give k(-1).
1
Let a be (-24)/(-15)*(-45)/(-18). Let b(o) be the second derivative of o**4/12 - o**3 + o**2 - 2*o. Determine b(a).
-6
Let y(j) = -j**3 + j**2 + 2*j + 3. Suppose -2*g = -8 + 2. Calculate y(g).
-9
Let w(r) be the first derivative of r**4/4 - 4*r**3/3 - 2*r**2 + 3*r + 7. Determine w(5).
8
Let n(v) = v**2 + 9*v + 9. Let p be n(-8). Suppose -2*q + p = -7. Let k(t) = -3*t - 1. Let l(z) = 2*z + 1. Let c(o) = q*l(o) + 3*k(o). Calculate c(2).
-1
Let v(p) = 6 + 7 - 28 + p + 5. Determine v(10).
0
Let j = 4 - 2. Suppose -2*w + 6 - j = 0. Let q(r) = 0*r + r + 4*r - w*r. Determine q(3).
9
Let t(o) be the third derivative of 0 + 0*o - 1/6*o**3 - 2*o**2 - 1/15*o**5 + 1/120*o**6 + 0*o**4. Determine t(4).
-1
Let q(z) = -2 + 2 + 1 - 2 - 11*z. Let y(p) = -5*p - 1. Let f(w) = -3*q(w) + 7*y(w). Give f(-4).
4
Suppose f - 3 + 4 = 0. Let w be f + (-6 - -2) + 3. Let k(b) = -b + 1. What is k(w)?
3
Suppose -4*j - 5 = 3*k - 23, -2*j = -3*k + 18. Let g(o) be the first derivative of -1/4*o**4 - 5/3*o**3 - 5/2*o**2 - k*o + 2. Determine g(-4).
-2
Let o(y) = -2*y**3 - y**2 - 7*y + 7. Let z(c) = -3*c**3 - 3*c**2 - 13*c + 13. Let t(x) = 5*o(x) - 3*z(x). What is t(5)?
-9
Let a(q) = q + 7. Let z be a(-4). Let l(f) = -5*f**3 + 3*f**2 - f - 3. Let x(p) = 4*p**3 - 3*p**2 + p + 3. Let s(o) = z*l(o) + 4*x(o). Give s(3).
6
Let c(h) = 4*h**2 - 1. Let q be c(-1). Let m(a) = 0 - q + 5 - 4*a. What is m(-2)?
10
Let c(r) = 7 - 2 - 1 - 6 - 3*r. Give c(4).
-14
Let c(j) = 8*j + 1. Suppose 4*y + 3*q + 5 = 0, -2*q - q - 13 = -4*y. Give c(y).
9
Let l(c) = c - 2. Let s(j) = -2*j + 3. Let w(o) = 6*l(o) + 4*s(o). Calculate w(-4).
8
Let x(z) = z + 2. Let t be (-18)/(-81) + 68/18. What is x(t)?
6
Let z(d) = d**2 - 14*d + 5. Let u be z(14). Let k(o) = o**3 - 5*o**2 - o + 1. Give k(u).
-4
Let v(y) = -21 + 45 - 25 - 2*y. Give v(5).
-11
Let d(h) = -h**2 - 6*h + 6. Let f be (-2)/((-3 - -2)*2). Let s be (f - -1) + 0 - -2. Let m(o) = -o**2 - 7*o + 7. Let z(i) = s*m(i) - 5*d(i). Give z(-4).
6
Let i(r) = r - 4. Suppose 0 = 2*k + 3 - 17. Determine i(k).
3
Let z be 20/(-2)*(-3)/12. Let c(u) be the first derivative of z*u**2 - 3*u - 1 - 1/3*u**3. Give c(5).
-3
Let w(i) = -i**3 + 2*i**2 - 2*i + 3. Let o = 8 - 5. Suppose 5*m = o*b - 3 - 2, -3*m + 5*b = 19. What is w(m)?
-1
Let a(c) = 2*c. Let q be 2 - 7*(3 - 2). Let d(x) = x**3 + 5*x**2 + 4. Let g be d(q). Suppose 3*o - g*t + 2 = 0, 2*t + 10 = -4*o - 0. Calculate a(o).
-4
Let l(i) be the second derivative of i**4/12 + i**3 - 7*i**2/2 + 4*i. What is l(-6)?
-7
Let b(f) = -5*f + 1. Suppose -2*i - 3*c + 3 = -4, -4 = -4*c. Calculate b(i).
-9
Let q(n) = n - 10. Let u(t) = -2*t - 5. Let z be u(-6). Calculate q(z).
-3
Let y(v) = v**3 + 5*v**2 - 1. Suppose 6 = -2*x - 2*q - 2, x + 5*q = 0. Give y(x).
-1
Let y(v) = 5*v - 1. Let p(k) = -3 + 2*k - k**2 + 4*k + 0. Let c be p(6). Let z(m) = m**2 + m - 4. Let d be z(c). Determine y(d).
9
Let q = -41 - -21. Let t be (-3)/1 - (q + 7). Let g(b) = -t*b**2 - b + 5*b**2 + 2 + 6*b**2. What is g(0)?
2
Let y(d) = 3*d**2 - 2*d - 2. Suppose -x = -6*x. Suppose j = -x*j + 2. What is y(j)?
6
Let b(i) = i - 1. Let u(n) = 11*n - 7. Let y be 0/1 - (1 + -2). Let v(j) = y*u(j) - 6*b(j). Give v(1).
4
Suppose 3*u + 7 = 4*u + 5*h, -2*u + 6 = 2*h. Let x(y) be the first derivative of -2*y**3 + 2*y + 1/4*y**4 + 3 + 5/2*y**u. Calculate x(4).
-10
Let p(n) be the first derivative of -n - 1/2*n**2 + 0*n**3 - 2 + 5/4*n**4. Give p(-1).
-5
Suppose 5*b + 5 = -5*n, 3*b - n = -3*n + 1. Let l be (-17)/b + 3/(-9). Let q be (-3)/9 - 2/l. Let f(h) = -h**2 - h - 2. Calculate f(q).
-2
Let u(h) = -4*h - 1. Let a(z) = -z**2 + 7*z - 6. Let t be a(7). Let k be ((-4)/t + 0)*-3. Let v be 3*k/(-6)*1. Calculate u(v).
-5
Suppose 2*u = 4*r + 5 + 3, 0 = -2*u - 4*r. Let d(h) = -4*h + u*h - h**2 - 2 + 3*h. Give d(0).
-2
Let j = 1 - 0. Let x = j + 1. Let a(q) = -4*q**2 + 3*q**x + q - 6*q. Determine a(-5).
0
Let b(h) = 2*h - 3. Suppose -17*i - 15 = -20*i. What is b(i)?
7
Let u(o) = -o**3 + 2*o**2 + 2*o - 3. Let b be u(3). Let v be 2/3*(-3 - b). Let q(t) = 2*t**3 - 4*t**2 + 2*t + 2. Give q(v).
6
Let g(c) = c - 1. Let m be g(3). Suppose -3*n = m*n - 20. Let y(v) = -v**2 - n + 0*v**2 - 4*v - 1. What is y(-4)?
-5
Suppose 3*n + 6 = 4*l + 31, -3*n - 3 = 3*l. Let s(d) be the first derivative of 5/2*d**2 + 1/3*d**n + 5*d + 1. Calculate s(-5).
5
Let z(p) be the first derivative of p**5/120 + p**4/24 + p**3 - 2. Let d(j) be the third derivative of z(j). Calculate d(-4).
-3
Let d(a) = -a**2 - 5*a + 7. Let c be (-2)/10 - (-11)/5. Suppose p - 2*t = -c*p - 26, 0 = -3*p - t - 14. Calculate d(p).
1
Suppose c + h = -h - 2, -2*h = 2*c - 2. Let q(i) = 2*i**2 - 3*i. Determine q(c).
20
Suppose 2*u + 0*u - 45 = -5*a, 2*u + 2*a - 30 = 0. Let t be 3*2*(-5)/u. Let c(y) = -y - 7. Calculate c(t).
-4
Let j(x) = -3*x - 3. Let m(t) = -t**2 + 8*t + 7. Let s be m(9). What is j(s)?
3
Let y be (0/2)/(8 - 12). Let v(g) be the third derivative of 1/30*g**6 - 2*g**2 + 0*g + y + 0*g**4 - 1/6*g**3 + 1/30*g**5. What is v(1)?
5
Let m(f) = -f**2 - 6*f - 3. Let i = 127 - 132. Determine m(i).
2
Suppose -x = 3*x + 5*p - 13, 4*x + 37 = 5*p. Let k(z) = 5*z**3 - z**2 + z - 7. Let u(g) = 4*g**3 - 6. Let f(q) = 3*k(q) - 4*u(q). Give f(x).
-6
Let a(p) = p**3 + 9*p**2 - 13*p - 6. Let z(j) = -j**3 - 8*j**2 + 12*j + 6. Let n(i) = -4*a(i) - 5*z(i). Determine n(-5).
9
Let n(a) be the third derivative of a**4/24 - 4*a**3/3 + 10*a**2. Give n(4).
-4
Suppose 2*s - 12 = 6*s. Let j = s - -8. Let v(x) = -x - 3. Determine v(j).
-8
Let o(h) = 1. Let z(k) = -k + 9. Let i(t) = -6*o(t) + z(t). Give i(3).
0
Let u(w) be the second derivative of -3*w**3/2 - w**2/2 + 13*w. Determine u(2).
-19
Let w be -1*(3 - 2)*-2. Suppose -5*i = 4 - 14. Suppose -i*v = -3*t - w, -2*t = -3*v + 2*v + 2. Let p(f) = 2*f - 1. Give p(v).
-5
Let z(d) = 4 - 2*d + 6 + 5*d - 5*d. Give z(8).
-6
Suppose 2*m = 3*m + 5. Suppose -10 = -8*q + 3*q. Let z(l) = -3 + q*l - 3*l - 2. Determine z(m).
0
Let o(v) be the first derivative of -v**3/3 - 3*v**2 - 4*v - 44. Give o(-5).
1
Let m(l) = -6*l - 2 + 3*l + 4*l**2 - l**3 + 1. Suppose 7 = -2*s - 5*f, 3*f - 2 + 3 = -2*s. Let a be 6/s*(3 + -1). Give m(a).
-1
Suppose -5 - 1 = 3*v. Let g = 4 + v. Let d(c) = -5*c. Give d(g).
-10
Let f(a) be the third derivative of 0*a + 5/24*a**4 + 4*a**2 + 0 + 0*a**3 - 1/120*a**6 - 1/20*a**5. Let u = 5 + -9. Calculate f(u).
-4
Suppose -2*l + 10 = 3*l. Let c(s) = 10 - 2 - 7 - 5*s + 0*s. Calculate c(l).
-9
Let s = 1 + 11. Let o be 1/(-5) + s/10. Let g(r) = r + 2*r + r - r. Calculate g(o).
3
Let c(m) = -6*m**3 + 5*m**2 + 0*m + m**3 - 23 - 4*m + 31. Let p(t) = -t**3 + t**2 - t + 1. Let x(l) = c(l) - 4*p(l). Calculate x(0).
4
Let t be ((-6)/8)/(1/4). Let y = 5 + t. Let s(b) = -b**3 + 3*b**2 - 3*b - 2. Let v(p) = p**3 - 2*p**2 + 3*p + 3. Let w(u) = 4*s(u) + 3*v(u). Determine w(y).
11
Let s = 0 - 2. Let t(i) = i**2 + 5*i - 1. Let j be t(-6). Let b = s + j. Let d(l) = -l**3 + 4*l**2 - 5*l + 2. What is d(b)?
-4
Let z(l) = l**2 + 3*l + 4. Let u be z(-3). Let y = -1 - -1. Let m(d) = -3*d - d**3 - 1 + 7*d + y + 2*d + 2*d**2. Determine m(u).
-9
Let f(u) = u - 7. Let d(w) = -2*w + 14. Let l(q) = 6*d(q) + 11*f(q). Suppose -i + 1 = -3*y - 1, 0 = -4*i - 4*y + 24. What is l(i)?
2
Let l = 7 + -12. Let k(g) be the third derivative of -6*g**2 - 1/4*g**4 - 1/2*g**3 + 0 - 1/10*g**5 - 1/120*g**6 + 0*g. Calculate k(l).
2
Let m(n) = n**2 + 6*n + 6. Let b = -20 + -10. Let t be (12/(-15))/((-4)/b). Determine m(t).
6
Let f(d) = 3*d + 2. Suppose 0 = 4*t + 5*z - 11, 2*t + 0*z = -z + 13. Let o be (2/(-6))/((-3)/t). Let w be o/(1/4*-2). Give f(w).
-4
Let m(h) be the third derivative of -h**4/24 - 2*h**3/3 + 12*h**2. Determine m(-6).
2
Let o(c) = -3*c**3 - 2*c**2 + 1. Let b be -6*(9/(-6))/3. Let m be 0 - (b - 1) - -3. Give o(m).
-4
Let z = 10 + -7. Let u(l) = -2*l**2 - 1. Let a(p) = -p**2 - p - 1. Let i(d) = z*a(d) - 2*u(d). Let n = -7 + 10. What is i(n)?
-1
Let r be (-6 - 3)/3 - -3 - 3. Let j(p) = 4*p + 4. Calculate j(r).
-8
Let b(o) = -o**2 - 5*o - 2. Let h(x) = -x**3 - x - 3. Suppose l - 6*l = 0. Let u be h(l). Give b(u).
4
Let q be ((-2 - -1)/1)/(-1). Let m(i) be the third derivative of 7*i**4/24 + i**3/6 - 6*i**2. Give m